*4/8 + 13*f**3/6 + 101*f**2 - 2. Calculate k(9).
67
Suppose f = 4*f - 12. Suppose 2 = -2*p, -7*g = -3*g + f*p. Let s(k) be the third derivative of k**5/10 - k**4/24 + 3*k**2. Calculate s(g).
5
Let g be ((-48)/(-192) + 31/(-28))/((-1)/(-7)). Let z(w) = 2*w + 12. Let j(i) = -5*i - 36. Let v(y) = 2*j(y) + 7*z(y). What is v(g)?
-12
Let y(u) = -5*u**2 + 47*u + 25. Let x = 19202 - 19192. Calculate y(x).
-5
Suppose -v = 4*v - 3*o - 25, 0 = 3*o + 15. Let f(a) = -3*a**v + 0*a + 0*a**2 + 14 - a + 4*a**2. Let u(l) = -294*l - 2352. Let x be u(-8). Determine f(x).
14
Let r = 11 - 23. Let x = r + 12. Let b(i) = x*i + 2 - i + 5*i - 7*i. What is b(2)?
-4
Let i(s) = 998*s**2 + 999*s**2 + 6*s - 3009*s**2 + 1006*s**2 + 17. Determine i(-3).
-55
Let g(b) = -8*b**2 + 8*b + 3. Let h be g(-2). Let f = h - -51. Let c(n) = n**3 - 6*n**2 - n + 6. What is c(f)?
0
Let r(f) = -22*f**2 - 7*f + 1. Let u(j) = -2*j. Let n = -375 - -372. Let k(c) = n*u(c) + r(c). Determine k(1).
-22
Let i(x) = x**2 - x - 24. Suppose -3*r + 6 = 3*t, -18*t + 13*t + 5*r - 60 = 0. Determine i(t).
6
Let g(b) be the second derivative of b**6/120 + 17*b**5/60 + 17*b**4/24 + 11*b**3/6 - 45*b**2 + 4*b - 7. Let i(j) be the first derivative of g(j). Give i(-16).
-5
Let c(h) = 5196*h**2 + 5195*h**2 - 51 + 5199*h**2 - 15589*h**2 - 4*h. Calculate c(10).
9
Suppose -4*h + 21*o = 18*o - 7, 4*o = 12. Suppose y + 6 = 3*d, h*y = 2*d + 2 + 4. Let j(l) = l**2 - 6*l + 3. Give j(d).
-6
Let i(z) = -5*z**2 + 0*z + 4*z**2 + 22 + 6*z - 3*z. Let u be i(7). Let k(b) = -b**2 - 4*b + 6. What is k(u)?
-6
Let i(a) = -a**3 - 2*a**2 + 2*a - 4. Let k = -353 + 237. Let s = 113 + k. Calculate i(s).
-1
Let l(w) = -8*w - 78. Let r be l(-10). Let k(x) = 12*x**2 + 11*x**r - 38*x**2 - 1 + 3*x**3 + 13*x**2 + 3*x**2. What is k(-1)?
-3
Let s(f) be the second derivative of f**7/840 - f**6/72 - f**5/24 - f**4/3 + f**3/6 + f**2/2 + 3*f - 8. Let i(c) be the second derivative of s(c). What is i(6)?
-2
Let p(l) = 4*l**3 - l**2. Let x be p(1). Let k be (36/8)/3 + (-8)/(-16). Let v(d) = k*d**2 + 2*d - 3*d**2 - d**3 + 0*d**x + 5*d**2. Give v(5).
-15
Let y = -93 + 92. Let t(x) be the first derivative of 2*x**3/3 + x**2 + x + 75. What is t(y)?
1
Let x(n) = n**3 + 7*n**2 - 42*n + 17. Let f be -12 + (6/3 + -9)/(-7). Give x(f).
-5
Let m(k) = k**3 - 3*k**2 - k + 24. Let n be m(0). Suppose 2 = -n*p + 23*p. Let v(s) be the second derivative of -7*s**4/12 - s**3/2 - s**2 + s. What is v(p)?
-24
Let r = 19 - 16. Suppose -4*b + 2*i + 13 = -r*b, 2*b - i = 14. Let a be (22/b + 4/(-10))/(-2). Let u(s) = s + 2. Determine u(a).
0
Let f(r) = -17 + 108*r**2 + 6 - 24*r**2 - 85*r**2 + 0*r - 11*r. Let p(x) = x**3 - 6*x**2 - 6*x - 8. Let j be p(7). Let o be (2/j)/((-6)/(-27)). Calculate f(o).
7
Let n(s) be the second derivative of 7*s**4/12 - 53*s**3/3 + 10*s**2 - 346*s. Determine n(15).
5
Let s(a) = 7*a**2 - 18*a + 12. Let i(x) = 16*x**2 - 39*x + 25. Let d(l) = -3*i(l) + 7*s(l). Suppose 0 = -3*m - 23 + 50. What is d(m)?
9
Let m(z) be the second derivative of -17*z**5/20 - z**3/3 + z**2/2 - 143*z. Suppose -4*c = -2*k - 0*k - 14, -5*k - 25 = 0. What is m(c)?
-18
Let m be (-2 - -4) + 3*-3. Let j = m + 11. Let b(d) = -7*d - 10. Let c(q) = -3*q - 3. Let k(r) = -2*b(r) + 5*c(r). Calculate k(j).
1
Let j(b) = 8*b + 5. Let y(q) = -23*q - 14. Let v(k) = 11*j(k) + 4*y(k). Let c be (-2*12)/(-3) - (-132)/(-11). Give v(c).
15
Let f(x) = x**2 + 5*x - 3. Let b be f(-12). Suppose -4*s + b = 109. Let n(i) = 5 + 0 + 2*i + 0. What is n(s)?
-9
Let a(f) = -11*f + 2. Let d(o) = 44*o - 2. Let x(u) = -5*a(u) - d(u). Determine x(5).
47
Let m(t) = t**3 - 8*t**2 + 15*t - 3. Let n be ((-8 - -4)/4)/((-20)/100). What is m(n)?
-3
Let d(l) be the first derivative of -l**5/10 + 41*l**3/3 - l - 27. Let y(t) be the third derivative of d(t). What is y(-1)?
12
Let m(q) = -2*q - 47. Let h be m(5). Let s = -53 - h. Let c(t) = -8*t**2 + 8*t**2 - t**2 + 7*t - s. What is c(6)?
2
Let c = 6324 - 379439/60. Let f(h) be the third derivative of -c*h**5 - 5/24*h**4 + 0 - 1/3*h**3 + 0*h - 17*h**2. What is f(-5)?
-2
Let z(f) = 6*f**3 + 6*f**2 + 2*f + 10. Let i(p) = 7*p**3 + 6*p**2 + 2*p + 11. Let w(s) = 5*i(s) - 6*z(s). Let v = 131 - 137. What is w(v)?
7
Let w(m) = 6*m**3 - 7*m + 3. Suppose -89*p - 10*p + 89 = -10*p. What is w(p)?
2
Let c(o) = o**3 + 4*o**2 + 3*o - 1. Suppose 3*i = -88 - 59. Let m be (-44 - -1) + (4 - 9 - -3). Let p = i - m. What is c(p)?
-13
Let b(h) = 30*h - 8*h + 72 - 14*h - h - 16*h. Give b(10).
-18
Let v(i) = 2*i**2 + 25*i - 20. Let t be v(-14). Suppose 16*q + t = 17*q. Let o(n) = -n**3 + 4*n + 22*n**2 + q*n**2 - 48*n**2 + 1. What is o(-5)?
6
Suppose 0 = -2*x + 4*n + 10, -3*x + n + 1 = 6. Let y(t) be the third derivative of -t**4/24 - 2*t**3/3 + 3*t**2 + 117*t. Calculate y(x).
-1
Let w(k) = 263*k + 263*k + 258*k - 786*k. Let z = -333 + 338. Give w(z).
-10
Suppose 5*k + z + 1101 = 0, -5 + 2 = 3*z. Let g = k + 74. Let c be g/(-30) - 10/(-75). Let t(q) = q**2 - 5*q + 5. What is t(c)?
5
Let l(w) = -2*w**2 + 10*w - 13. Let c(x) = -3*x**2 + 15*x - 20. Let m be -1*((-5 - -7) + 3). Let t(o) = m*c(o) + 8*l(o). Determine t(3).
2
Let z(v) = 15*v - 168. Let p(h) = -h**3 + 24*h**2 - 47*h + 77. Let m be p(22). Determine z(m).
-3
Let s(p) = p**2 + 6*p - 32. Let n = -1355 + 1345. Give s(n).
8
Suppose 157*f = 16*f + 1128. Let x(o) = -o + 12. What is x(f)?
4
Let f(r) = r + 55. Let p(y) = -y - 14. Let k(s) = -f(s) - 3*p(s). Determine k(6).
-1
Let d(l) be the first derivative of -4/3*l**3 + 1/4*l**4 - 2*l + l**2 + 12. Determine d(3).
-5
Let r(j) = -2*j**3 + 8*j**2 - 1. Let p(i) = 6*i**3 - 24*i**2 + 3*i + 1. Let z(y) = 2*p(y) + 7*r(y). Give z(5).
-25
Let v = -23605 - -23612. Let r(b) = 25*b - 4. What is r(v)?
171
Let h(z) = -z**2 + 21*z - 97. Let x(r) = -r**3 - 69*r**2 + 974*r - 9. Let t be x(12). What is h(t)?
-7
Let w(u) = u**2 - 11*u - 3. Suppose 52 = 5*a + 2*k, -3*k = 4*a - 24 - 26. What is w(a)?
-27
Let d be (20 - 6)*(-37)/(-2). Let g(t) = 520 - t - 260 - d + t**3. Suppose -3*j = 2*o + 12, 4*j = 2*o + 3*o - 16. Give g(o).
1
Let v(o) be the second derivative of -7*o**3/6 + 57*o**2/2 - 3106*o. What is v(13)?
-34
Suppose -2203 = -30*k + 947. Suppose -p - k = -100. Let o(c) = c**3 + 7*c**2 + 8*c + 6. Determine o(p).
16
Let v(u) = u**3 - 24*u**2 + 19*u + 85. Suppose -166*c = 3*i - 164*c - 69, 0 = -2*i + 4*c + 46. Give v(i).
-7
Suppose 86 + 115 = 3*h. Let g(f) = -h + 2*f**2 + 34 + 31 - f**2. What is g(0)?
-2
Suppose 0 = 3*z + 15, 2*f - 8*z = -6*z + 10. Let r(b) be the third derivative of 0*b + 1/24*b**4 + 0 + 10*b**2 - 5/6*b**3. What is r(f)?
-5
Let l be (-1 + 1)*(3 - 2). Let h = 33 + -26. Let p(d) = -6 - 6*d**2 + 7 + h*d**2 - 2*d**2 - d. Calculate p(l).
1
Let r(o) be the third derivative of o**6/144 - o**5/12 - 43*o**4/24 - 84*o**2. Let j(h) be the second derivative of r(h). Calculate j(3).
5
Suppose g + 0 = 8. Let n be g*(-14)/(-52) - 6/39. Let f(c) = 3*c**2 - 7*c + 1 - 4*c**2 + 0*c + 2*c**n. Give f(5).
-9
Let f(h) = h**3 + h**2 - 2*h + 6. Suppose -2787 - 2101 = -13*n. Let r = -379 + n. Give f(r).
-6
Let u(y) = -y**3 + 5*y**2 + 26*y - 13. Let g = -1330 - -1338. Determine u(g).
3
Suppose 16*b = 25*b - 9. Suppose 4 - b = l. Let g(r) = -5 - 3*r**l + 4*r**3 - 5*r**2 + 0*r**3 - 2*r + 0*r**3. Calculate g(5).
-15
Let p(l) = -56830*l**2 + 10*l + 0 + 56829*l**2 + 4. Give p(6).
28
Let h(f) = -f - 7. Let y = -228 - -183. Let x = -45 - y. Calculate h(x).
-7
Suppose 9*u = 4*u + 10. Let c(m) = -m - 12. Let g(n) = -4*n - 35. Let x(o) = u*g(o) - 7*c(o). Suppose -2*a + w + 2 = -8, 3*a - 16 = w. Give x(a).
8
Let t(x) = -8 + 1 - 156*x**2 + x + 6 + 155*x**2. Suppose -88 = 6*d - 14*d. Let z be (d - 15)*3/4. What is t(z)?
-13
Let n = 50 - 48. Let o(h) = -5*h + 10*h**2 + 3*h + 0 - 1 - 30*h**n. Suppose 4*g = 2*m - 10, -2*g - 5*m + 10 = -m. Calculate o(g).
-19
Let t(o) be the third derivative of o**6/120 + 7*o**5/60 - 19*o**4/24 + 17*o**3/6 + o**2 + 2*o + 86. Give t(-9).
26
Let o(u) = 42*u + 60. Let h(y) = 14*y + 18. Let q(r) = 13*h(r) - 4*o(r). Calculate q(-2).
-34
Suppose 5*m + 100*k - 95*k = -155, 4*m + 142 = 5*k. Let j(r) = -r**2 - 32*r + 39. What is j(m)?
6
Let f(q) = q**2 + q - 1. Let g(b) be the second derivative of b**5/20 - b**4/12 - b**3/2 - 47*b. Let u be g(-2). What is f(u)?
29
Let u(c) = 7*c - 11. Let r be ((-16)/(-12))/((-12